 greatest common divisor of 25 and a?
5
Let g = -38 + 80. Suppose q - 12 - g = 3*r, 2*q + 5*r = 130. Let m be 160/(-6)*(-3)/2. What is the greatest common divisor of m and q?
20
Let h(s) = -23*s - 86. Let w be h(-4). What is the highest common divisor of w and 744?
6
Suppose -l + 2*l = 1. Let j = -93 - -103. Let n = j + l. What is the highest common factor of n and 88?
11
Suppose -127*u = -134*u + 392. Calculate the highest common factor of u and 728.
56
Let n = 74 + -85. Let u = -21 + 34. Let m = n + u. Calculate the greatest common factor of m and 2.
2
Suppose 5 = -o + 38. Let j be (o/22)/((-1)/(-2)). Suppose -j = -d - 0. What is the highest common divisor of d and 33?
3
Suppose -2*q + 4*q = -b + 2, 3*q = -b + 1. Let w be (42/35)/(q/(-5)). Calculate the highest common divisor of w and 96.
6
Let h be (-4)/(-10) + (-198)/(-5). Suppose -z + 232 = 3*z. Let j = z - h. Calculate the greatest common factor of 198 and j.
18
Let a(i) be the first derivative of 11*i**2/2 - 10*i - 11. Let d be a(1). What is the highest common factor of d and 4?
1
Let a be (3*(-3 - -4))/1. Let r be (-23)/(-5)*15/a. Let j be r - (1 + -2) - 0. Calculate the highest common divisor of 3 and j.
3
Suppose -3*w - 3*r + 496 = r, 16 = 4*r. What is the highest common divisor of 90 and w?
10
Let q(j) = -j**3 - j**2. Let h be q(-2). Let r = 7 - h. Suppose -t + r = 2*a - 35, 5*a = -5*t + 215. Calculate the highest common factor of t and 16.
16
Let c(b) = -b**3 + 26*b**2 + 2*b + 4. Let v be c(26). What is the highest common divisor of 8 and v?
8
Suppose -2*b = 5*r - 30 - 9, 5 = r - b. Suppose 4*j = r*j - 1881. What is the highest common divisor of j and 57?
57
Let y = 3068 - 3023. What is the greatest common factor of y and 4635?
45
Let v(u) = u**3 + 38*u**2 - 38*u + 40. Let w be v(-39). What is the highest common factor of w and 107?
1
Let m(c) be the first derivative of -15*c**2/2 + 5*c + 4. Let j be m(2). Let z = j + 40. Calculate the greatest common divisor of z and 105.
15
Suppose 4*v - v - 2025 = 0. Calculate the highest common divisor of v and 81.
27
Let l(r) = r**2 + r. Let c be l(-4). Suppose -72 = z + 11*z. Let t = c + z. Calculate the highest common factor of 66 and t.
6
Let h(f) = -3*f - 4. Let a be h(-4). Suppose a*p - b = 4*p - 3, -2*p + 6 = -2*b. Let o be p*10*2/(-4). What is the highest common divisor of 15 and o?
5
Let g be (18/(-8))/((-12)/1120). What is the greatest common divisor of g and 30?
30
Let g = 6 + 16. Let v = 1767 + -1712. Calculate the greatest common divisor of v and g.
11
Suppose -7*w + 1414 + 8043 = 0. Calculate the greatest common factor of w and 7.
7
Let j be 5/(0 + 1/1). Suppose -j*d - d = -504. What is the greatest common factor of d and 56?
28
Let d be -38*(-2 - 0/3). Suppose -d = -4*k + 4*r, 2*r - 47 = -4*k + k. What is the greatest common divisor of k and 17?
17
Let c = 21 - -129. Calculate the greatest common divisor of c and 6.
6
Let n(s) = -6*s**2 + 2*s - 4*s + 9*s**2 + 26. Let u be n(-8). What is the highest common divisor of 26 and u?
26
Suppose 6*l - 44 = 10*l. Let q be (2/(-4))/(l/154). Calculate the highest common divisor of q and 7.
7
Let r = 19 + -13. Suppose 3*z + 438 = r*z - 3*q, -2*z - 5*q + 299 = 0. Let w = 101 + z. Calculate the greatest common factor of 31 and w.
31
Let j(d) = -d**2 - 13*d + 43. Let c be j(-15). Let r(g) = -5*g + 1 - 10*g + 4*g - 5*g. Let i be r(-4). What is the greatest common factor of i and c?
13
Let j be 2 - (159*-1 + -3). Suppose -340 - j = -3*v. Calculate the greatest common factor of v and 21.
21
Suppose -4*p - 3*p + 84 = 0. Let v = p - -12. Suppose -2*b = 3*b - 480. What is the highest common divisor of b and v?
24
Let d be (-17)/(-1) + (6 - 8). Suppose 0 = l - 3*l + 90. Calculate the highest common divisor of l and d.
15
Suppose 0*x = -2*x + 12. Suppose 3*g - x*g - l + 3 = 0, -3*l - 7 = g. Suppose -g*j + 4*j = 44. Calculate the greatest common divisor of 55 and j.
11
Let k = 191 - 173. What is the highest common divisor of 162 and k?
18
Let t = -6 - -11. Suppose 4*x + 2 = -t*z - 0, 4*x = 4*z - 20. Suppose -2*y + 216 = z*y. Calculate the highest common divisor of 18 and y.
18
Suppose -4*y = 3*o + 2*o - 1381, -2*y + 281 = o. What is the highest common factor of o and 7?
7
Suppose 0 = 3*m - 119 - 232. Let x be m + (-1 - 5/(-5)). Calculate the highest common divisor of x and 13.
13
Let k(y) = 5*y**2 + 46*y - 305. Let x be k(7). Calculate the greatest common factor of 2 and x.
2
Let l(w) = w**3 - 6*w**2 - 37*w - 2. Let v be l(11). What is the highest common divisor of v and 252?
28
Let p(s) = 36 - 13*s**2 + 26*s**2 + s - 13*s**2 - s**3. Let t = -2 - -2. Let b be p(t). Calculate the greatest common factor of 12 and b.
12
Suppose v + 40 = -t, -3*t + 0*v - 88 = -5*v. Let a = 72 + t. Let g(r) = r**2 - 2*r - 3. Let u be g(-3). Calculate the highest common factor of a and u.
12
Let c(k) = k**3 + 9*k**2 - k - 11. Let d be c(-9). Let z be (-8 + 4)*(-3 - d). What is the greatest common factor of z and 36?
4
Suppose 12*w = 35*w - 1656. Calculate the highest common divisor of 2 and w.
2
Let p(m) be the second derivative of -m**5/2 + m**4/12 + m**3/3 + 2*m**2 - m + 34. Let z be p(-2). What is the greatest common divisor of z and 12?
12
Let o = 21 - 14. Suppose 8*f - 11*f = 0. Let w be f/(-1) + (5 - (0 - 2)). Calculate the greatest common factor of o and w.
7
Suppose 8 = 2*s - 4*w - w, 3*s - 4*w - 12 = 0. What is the greatest common factor of s and 52?
4
Let u = 113 + 11. Let q = 248 - u. Let p be (-10)/25 - q/(-10). What is the highest common divisor of p and 30?
6
Let d(a) = -5*a - 7. Let j be d(-4). Let p = j + -11. Suppose q - 1 = -5*h, -h - p*q = -q + 3. Calculate the greatest common factor of 1 and h.
1
Suppose 5*b - 6*c - 25 = -c, 0 = -3*b - 2*c + 5. Suppose b*w + 22 = 46. What is the highest common divisor of 28 and w?
4
Suppose 5*v = z - 34, -v = -z - 4*z + 170. Suppose -4*r + 149 = 2*l + l, -4*l + 4*r + 208 = 0. Calculate the greatest common factor of l and z.
17
Suppose 193*u = 192*u + 512. What is the highest common factor of u and 16?
16
Let j(g) = g**3 + 10*g**2 - 7*g - 29. Let f be j(-9). Calculate the greatest common divisor of 69 and f.
23
Suppose -5*q + 2*r + 32 = 0, 2*r + 3 = 11. Let n(m) = m + 12. Let h be n(q). What is the greatest common divisor of h and 15?
5
Suppose 0 = 278*g - 266*g - 300. What is the highest common divisor of g and 235?
5
Suppose -5*r + 8*r = 36. Let n be ((88/6)/11)/(2/r). What is the highest common divisor of n and 16?
8
Suppose -3*n - 9 = 0, -5*n + 252 + 3 = 5*i. What is the highest common divisor of 864 and i?
54
Let b(f) = -f + 56. Let g be b(0). Suppose 16 + g = 3*c. Let n be -2*(-430)/4 - -1. What is the greatest common divisor of n and c?
24
Let k = -182 - -224. Calculate the highest common divisor of k and 399.
21
Let u = 3068 - 1884. Calculate the highest common factor of u and 37.
37
Suppose 261*b - 260*b - 77 = 0. Let z = 18 - 11. What is the greatest common divisor of b and z?
7
Suppose 2*u = -4*t + 134, -3*u - u = -t - 313. Suppose -u = -2*y - 13. Let z = y - 28. What is the greatest common divisor of z and 1?
1
Let c(r) = 2*r**2 + 20*r + 34. Let k be c(-2). What is the greatest common divisor of 3 and k?
1
Let i(g) be the third derivative of 0 + 8*g**2 - 5/3*g**3 + 0*g + 1/20*g**5 - 3/8*g**4. Let x be i(8). Calculate the greatest common divisor of x and 10.
10
Let w = -427 + 457. What is the highest common factor of w and 5?
5
Let b be 11/2 + (-1)/(-2). Suppose x = 22 - b. Let q(o) = -o**2 + 12*o + 5. Let c be q(9). What is the greatest common factor of c and x?
16
Suppose 4*i - 4*z + 6*z = 58, 0 = 2*i + 3*z - 23. What is the greatest common factor of i and 64?
16
Suppose 352 = 3*i - 4*b, i - b - 75 = 42. Calculate the highest common divisor of 290 and i.
58
Let w be -3 + 113 + 12/3. Let a = -54 + w. What is the greatest common divisor of 24 and a?
12
Let g be 6/(-2) + -5 + 8. Suppose 2*b = -g*b. Suppose 4*r - 174 - 146 = b. What is the highest common factor of r and 32?
16
Let u(y) be the third derivative of -5*y**4/24 - 3*y**3 - 6*y**2. Let m be u(-6). What is the greatest common factor of 30 and m?
6
Let s be ((-8)/(-10))/((-3)/(-45)). Let t be -44 - (7 + 2 + -5). Let y be ((-36)/16)/(3/t). What is the greatest common divisor of y and s?
12
Let x(b) = -2*